 + 192 = 4*d, 2*n - 149 = -3*d. What is the remainder when d is divided by (77/(-22) + 4)*(2 + 12)?
5
Suppose 9*c - 562 = 266. What is the remainder when 449 is divided by c?
81
Let u be (-16)/(-6)*(-24)/16. Calculate the remainder when 56 is divided by ((-58)/u)/((-8)/(-16)).
27
Suppose i + 4 = -2*k + 3*k, 4*i + 2 = 2*k. What is the remainder when 62 is divided by 0 + 2/k + 159/7?
16
Let b(q) = -2*q**3 - 11*q**2 - 13*q - 40. Suppose o + 65 = 5*s, -s - 2*o - o + 13 = 0. What is the remainder when b(-6) is divided by s?
9
Let x be (-38)/8 + (-1)/4. What is the remainder when 25 is divided by 20/x + 1*18?
11
Suppose -8*p + 6*p + 74 = 0. Let j = -31 + p. Calculate the remainder when j is divided by 3.
0
Let m(t) = t**3 - 34*t**2 + 65*t + 244. Calculate the remainder when m(32) is divided by 31.
28
Suppose 4*y + 3*g = 17, g = -4*y - 1 + 20. Suppose y*d + 23 = 6*d. Calculate the remainder when d is divided by 6.
5
Suppose -2*d = 4*u - 26, 0 = 3*d + 2*u + 3*u - 34. Suppose -d*i + 171 + 96 = 0. Calculate the remainder when i is divided by 15.
14
What is the remainder when (-4)/6 - (-1639)/33 is divided by (105/(-30))/((-1)/4)?
7
Suppose 9*c - 13*c + 1976 = 0. Calculate the remainder when c is divided by 83.
79
Let i(k) = -k**3 + 4*k**2 + 3*k - 1. Let u(y) = -4*y. Let z be u(-1). Let a = 96 + -89. What is the remainder when i(z) is divided by a?
4
What is the remainder when 2*22/(-4)*-2 is divided by 2 - (3 - 9) - 3?
2
Suppose -2*l - 5*y - 6 = 0, 603*y - 608*y = -3*l + 41. What is the remainder when (-1275)/(-21) + 2/7 is divided by l?
5
What is the remainder when 2 + ((-22)/6)/((-4)/228) is divided by 54?
49
Suppose 187*j = 210*j - 184. Let n = 1 + -4. Calculate the remainder when -2*n/12*44 is divided by j.
6
Let o(m) = -m**2 - 2*m + 2. Let p = -16 + 14. Let w be o(p). Suppose -4*v - 2*u = -w*v - 24, 3*u - 25 = -2*v. Calculate the remainder when 42 is divided by v.
9
Let m(g) = g**2 + 2*g - 6. Let k be m(4). Suppose -4*n + k = -6. Calculate the remainder when 10 is divided by 10/(-4)*n/(-5).
1
What is the remainder when (-248650)/(-120) - 3/36 is divided by 61?
59
Let a be ((-12)/(-15))/(2/(-60)). Let o = a + 8. Let j = 6 - o. Calculate the remainder when 43 is divided by j.
21
Let s(p) = -p**3 + 24*p**2 + 29*p - 73. What is the remainder when s(25) is divided by 15?
12
Let k = -9 - -29. Let s(d) = 2*d - 9. What is the remainder when (42/(-4))/((-5)/k) is divided by s(12)?
12
Let m = 27 - -4. Let l = 2453 - 2436. What is the remainder when m is divided by l?
14
Suppose 0 = -539*r + 557*r - 90. Calculate the remainder when (2 + 0)/(2/8) is divided by r.
3
Let b = 482 + -341. What is the remainder when b is divided by 10320/280 - (-12)/(-14)?
33
Suppose 92 - 11 = 3*l. Let n(p) be the third derivative of p**4/12 + 53*p**3/6 - p**2. What is the remainder when n(0) is divided by l?
26
Let v(w) = -w - 8. Let o be v(-8). Suppose 3 = -2*k + 23. Suppose o = -4*p + 14 + k. What is the remainder when 16 is divided by p?
4
Suppose 8316 = 14*s + 14*s. Calculate the remainder when s is divided by 30.
27
Suppose 7 = -l + 2*l. Suppose 36 = 3*t - 9*j + 8*j, -5*t = -5*j - 60. What is the remainder when t is divided by l?
5
Let f be 386/(-10) + -4*(-3)/(-30). Let i = 49 + f. What is the remainder when 48 is divided by i?
8
Let v(x) = 200*x**2 + 263*x + 3. What is the remainder when v(-2) is divided by 35?
32
Suppose -9*c + 628 = -1109. What is the remainder when c is divided by (78/9)/(2/3)?
11
Let v = -11 + 5. Let y(u) = u - 1. Let t(l) = -5*l - 57. Let k(m) = v*y(m) - t(m). What is the remainder when k(0) is divided by 16?
15
Suppose 456 = -2159*q + 2165*q. Suppose -3*l + 70 + 47 = 0. What is the remainder when q is divided by l?
37
Let s(n) = 21*n - 21. Let p(i) = 2*i**2 - 4*i - 16. Let r be p(-3). What is the remainder when s(r) is divided by 46?
43
Let w(l) = l**3 - 3*l**2 - l + 2. Calculate the remainder when (-17)/(((-12)/16)/3) is divided by w(4).
12
Suppose 4*w - 3*d = 200, -8*d - 12 = -5*d. What is the remainder when w is divided by 26?
21
Let z = 25 + -18. Let m(k) = -k**2 + 10*k - 14. Calculate the remainder when 25 is divided by m(z).
4
Suppose 6*f - 18*f + 1896 = 0. Suppose -h = -4*i + f, 3*i + 6*h - 7*h - 118 = 0. Calculate the remainder when i is divided by 12.
4
Suppose 0 = 2*n - 3*w - 707, 2*w - 1781 = -5*n - 42. Calculate the remainder when n is divided by 117.
115
Suppose -2*s + 220 = 2*v, s - 109 + 7 = -5*v. What is the remainder when s is divided by 19?
17
Suppose 271*w - 290*w = -1330. Calculate the remainder when w is divided by 17.
2
Let d be (-1 + 3/6)*102. Let u = -29 - d. Calculate the remainder when 65 is divided by u.
21
Let n(c) = 16*c + 3. Suppose 2 = -i - 0. Let d be n(i). Let h = -19 - d. What is the remainder when 19 is divided by h?
9
Let y = -515 - -522. What is the remainder when 19 is divided by y?
5
Let p(c) = 17*c - 508. Calculate the remainder when p(39) is divided by 13.
12
Let s(f) be the second derivative of -f**3 + 41*f**2/2 + 21*f. What is the remainder when s(5) is divided by 5?
1
Let f(t) = -t**2 + 8*t - 8. Let v be 42/(-15) - (-1)/(-5). Let o = v + 10. Calculate the remainder when o is divided by f(6).
3
Let u(t) = 2*t**2 - 2. Let g be u(-3). Calculate the remainder when g/40*39*5 is divided by 22.
12
Suppose -30*z = -25*z - 305. What is the remainder when 80 is divided by z?
19
Suppose -3*j + 33 = -g, -3*g = -2*j - 6*g + 11. Suppose -438 = -5*c + 4*x, -5*x = -0*x + j. Calculate the remainder when c is divided by 15.
11
Suppose 3*h = -3*c - 9, 4*h + 2 + 12 = -3*c. What is the remainder when c is divided by 5/(-20) - (0 - (-27)/(-12))?
0
Suppose -70 = -3*g - 229. Let w be -3 + (-3 - g) - 3. Suppose -2*y = -2*a + w, 0*y + 5*y = -25. Calculate the remainder when 31 is divided by a.
14
Suppose d + 3*k = 2*d + 16, -3*d + k - 8 = 0. Calculate the remainder when (2 - -7)/(d/(-2)) is divided by 7.
4
Let q = -57 + 108. Suppose 3*i - q = 3*c, 0 = 4*i - 2*c + 5*c - 47. What is the remainder when i is divided by 2*4/(2 + -1)?
6
Suppose 0 = 3*d + 2*d - 4*s - 26, 0 = d + 2*s - 8. Suppose -d*j + 15 = -3*j. Calculate the remainder when j is divided by 3.
2
Let l(n) = 2*n**3 - 4*n**2 - 4*n + 2. Let t(z) = -z**3 - 9*z**2 + 183*z + 1388. Calculate the remainder when l(4) is divided by t(-7).
5
Let c = 201 - 105. What is the remainder when c is divided by 14?
12
Let m(j) = 8*j + 4*j - 3*j - 25 + 1. What is the remainder when m(9) is divided by 12?
9
Let i = -84 + 61. What is the remainder when 18/(i/(-7) + -3) is divided by 6?
3
Suppose 3*m = 8*m - 590. Calculate the remainder when m is divided by 1462/(-85)*15/(-21) + (-10)/35.
10
Suppose 0 = 36*r - 31*r - 50. What is the remainder when 96 is divided by r?
6
Calculate the remainder when 32 is divided by -4*2/4*-13.
6
Calculate the remainder when 136 is divided by (105/(-4))/(48/(-128)).
66
Suppose 2 = -y, 0 = -p - y + 5*y + 10. Suppose -4*o + 5*c + 141 = 0, -2*o - 39 = -3*o + p*c. What is the remainder when 53 is divided by o?
24
Let l(q) = q**3 + 19*q**2 + 30*q - 38. Calculate the remainder when 57 is divided by l(-17).
27
Let h be (-5 + -8)/(1/(-3)). Suppose -2*x + 5*x = h. Calculate the remainder when 38 is divided by x.
12
Suppose 36*u - 43 = 33*u + l, 0 = -3*u + 4*l + 55. What is the remainder when 36 is divided by u?
10
Let p = 545 + -528. Let s(r) = -r**3 + 5*r**2 + 8*r - 3. Let i be s(6). Suppose -3*d + i = -9. What is the remainder when p is divided by d?
5
Let w(i) = -i - 38. Let y be w(7). Let b = y + 51. What is the remainder when b is divided by 4?
2
Suppose 0*c + 8 = 4*c. Suppose -4*p + 14 = -c*p. What is the remainder when 2/(-7) - (-233)/p is divided by 9?
6
Let r = -40 - -123. Calculate the remainder when r is divided by 28.
27
Let t(k) = -5*k + 12. Let c be t(-5). Let o = c + 20. What is the remainder when o is divided by 21?
15
Let w(h) = 16*h - 25. Let q be w(9). Suppose g + 184 = 4*p, 0*p - 4*g = 3*p - q. What is the remainder when 129 is divided by p?
39
Let i(v) = 2*v**3 + v**2 - v - 2. What is the remainder when 20 is divided by i(2)?
4
Let z(b) = b**2 - 2. Let n be z(-2). Let f be n/4 - 46/(-4). Calculate the remainder when ((-52)/f)/(2/(-6)) is divided by 8.
5
Let a = 157 + -153. Let w(r) = r**3 + 2*r**2 - 6*r + 1. Calculate the remainder when w(a) is divid